4). Suppose 0 = -11*r + a + 916. What is the tens digit of r?
8
Let u(l) = -5*l**3 + 6*l**2 - 6*l + 356. Let y(d) = -d**3 + d**2 - d + 71. Let s(n) = -2*u(n) + 11*y(n). What is the tens digit of s(0)?
6
Suppose 2*c = -2*p + 318 + 586, 3*p = 0. What is the tens digit of c?
5
Let a be -1*1/(-3) - (-343)/(-21). What is the units digit of 188*(-4)/a*2?
4
Let u be 6/(-14) + ((-384)/28)/(-4). Suppose i - 5*i = -u*d - 265, 5*d = -2*i + 139. What is the units digit of i?
7
Let y be (-7)/(-7) - -1*85. Let z = y - 44. What is the tens digit of z?
4
Let y be 3 - ((-157)/(-2) - (-9)/6). Let i = 155 + y. What is the tens digit of i?
7
Let q(a) = 5*a**2 - 11*a + 31. What is the tens digit of q(-10)?
4
Let a(k) = 3*k**2 + 18*k - 24. Let b be a(-9). Let p = 145 - b. What is the units digit of p?
8
Let m(l) = -l + 8. Let j be m(6). Let w be ((j - 1) + -2)*-1. What is the units digit of (-7 + w)/((-28)/126)?
7
Let s = -14 + 17. Suppose -4*f = -s*p + 21, 22 = 5*p - 5*f - 13. Let z = p - -1. What is the units digit of z?
8
Let b = 19 + -18. Let m be (b/3)/((-4)/(-696)). Suppose 5*a = -13 + m. What is the units digit of a?
9
Let j(m) = m**2 + 8*m - 15. Let r be j(6). Suppose -5*v + r - 1 = 2*q, -59 = -4*v + 3*q. What is the tens digit of v?
1
Suppose o + 4*m = 17, -12 = -4*m + 4. Let a(p) = -p - 1 + o + 2. What is the units digit of a(-6)?
8
Let d = -40 + -175. What is the units digit of d/(-4) - (198/(-24))/(-11)?
3
Suppose 4*r = 4*n - 900, 3*r + 2 = 8. What is the tens digit of n?
2
Suppose g - 6*g - 5*n + 35 = 0, n + 23 = 5*g. Let w = -79 - -83. Suppose 5*y = w*o + 117, 0*o + g*o = -5*y + 135. What is the tens digit of y?
2
Let p(i) = i**3 + 9*i**2 - i - 9. Let g be (2/4)/(2/(-36)). Let c be p(g). Suppose -u = -10 - c. What is the units digit of u?
0
Suppose -5*j + 11810 = 5*n, 4*n + 5*j - 812 = 8637. What is the hundreds digit of n?
3
Suppose 1247*m - 1253*m = -9600. What is the units digit of m?
0
Suppose 0 = -4*o + w - 7 - 3, 2*o - 5*w = 4. Let a be 1 - o - (1 - 2). Suppose -2*l + s + 53 = 2*l, 0 = -l + a*s + 18. What is the units digit of l?
3
Let k(d) = 2*d**2 - 17*d - 2. Let p be k(11). Let a = p + -35. What is the tens digit of a?
1
Suppose -c + 2*c = r + 7, -c - r + 9 = 0. Suppose 0 = -5*z - f - f + 11, 4*z = 4*f - c. What is the units digit of -3 + z - -1 - -2?
1
Let g = 11 - 44. Let h be 44/g - (-20)/6. What is the units digit of (2/8)/(h/56)?
7
Suppose 0 = 4*i + 61 + 187. Let o = i + 66. What is the units digit of o?
4
Suppose -9*z = -15746 - 6565. What is the units digit of z?
9
Suppose -n - 7 = -2*x, 2*n + 2 = x + n. Suppose 0 = x*m - 9*m + 152. Suppose -4*c + m = -2*c. What is the tens digit of c?
1
Suppose -2*o - 24 = 22*o. What is the tens digit of 29026/345 - (o - (-34)/30)?
8
Suppose -21*j = -19*j - 28. Suppose 2*y = -v + 5, j = 3*y - 3*v - 2*v. Suppose -2*n + 85 = y*w, -4*n - w = -9*n + 255. What is the tens digit of n?
5
Let h = -12 + 25. Let z(o) = o**3 - 12*o**2 - 12*o - 15. Let w be z(h). What is the tens digit of (7 + -6)/(w/(-24))?
1
Let k(j) = 4*j + 3. Let s(d) = -d + 1. Suppose -5 = -5*c + 3*h, h - 5 = -4*c - 1. Let p(a) = c*k(a) - s(a). What is the tens digit of p(3)?
1
Let k = -25 - -25. Let o(w) = w**2 - 2*w + 33. What is the units digit of o(k)?
3
Let f = 6 + -21. Let u be (-15)/(-25) + 24/f. Let o(m) = -23*m + 1. What is the units digit of o(u)?
4
Suppose -31 = v - 276. Suppose 5*b + 5*u + 85 = v, 2*b = -u + 68. Let y = 54 - b. What is the tens digit of y?
1
Let z(d) = 190*d**3 + d**2 - 3*d + 2. What is the hundreds digit of z(1)?
1
Let j = -82 - -88. Suppose 1335 = j*u + 9*u. What is the tens digit of u?
8
Let b = 53 + -31. Let q(r) = -37*r**2 - 4*r + 5. Let f be q(1). Let t = b - f. What is the units digit of t?
8
Suppose -3*s - s = -5*g, -8 = -3*g + 4*s. Let y be (-6)/g + 125/10. Suppose 0*u + u - y = 0. What is the tens digit of u?
1
Let c = 13 - 0. Let w(a) = -a**3 + 12*a**2 + 16*a - 7. What is the units digit of w(c)?
2
Let a(l) = l**3 - 11*l**2 + 10*l - 6. Let x be a(10). What is the tens digit of (-296)/x - (-16)/24?
5
Suppose -5*c + 4*a - 114 + 570 = 0, 94 = c + 2*a. Let d be (48/60)/(2/(-100)). Let q = c + d. What is the tens digit of q?
5
Let v(n) = -4*n - 11. Let h be (-10 + 1)*(4 + -9). Suppose -4*j + 2*m - 38 - 4 = 0, m + h = -4*j. What is the units digit of v(j)?
3
Let n(t) = -t**3 - 7*t**2 - 3*t + 10. Let w be n(-7). Let z = 61 - w. What is the tens digit of z?
3
Suppose -366 = -2*i + 2*f, -5*i + 4*f + 848 = -67. What is the hundreds digit of i?
1
Suppose 0 = -w - 2*w + 381. Let a = w + -62. Suppose 0 = k + 1, -6*k + k = -3*j + a. What is the tens digit of j?
2
Suppose -3630 = -n + 354. What is the tens digit of n?
8
Let w(c) = -c - 19. Let f be w(-10). Let l be (-124)/f - (-24)/108. Suppose u = 3*g - 2*g - 14, -g + 4*u = -l. What is the units digit of g?
4
Suppose 2 = 2*r - 6. Suppose 0*o + 42 = 2*o + 2*u, -5*u - 48 = -r*o. Let z = -12 + o. What is the units digit of z?
5
Let s(n) = -2*n - 4. Let h be s(-3). Suppose h*o - 9 = 5. Let x(y) = y + 2. What is the units digit of x(o)?
9
Suppose 0 = -0*t - t + 2. What is the units digit of 126/t + (-13 - -17)?
7
Suppose 5*k + 7 = -8. Let d = 0 - k. Suppose 2*f + d*f - 190 = 0. What is the units digit of f?
8
Let y = -22 - -24. Suppose -9*j + y = -16. What is the units digit of j?
2
Suppose -3*d + 3*p + 480 = 0, -3*d + 2*p - 7*p = -512. What is the tens digit of d?
6
Let p be (57/(-19))/(-1 - 0). What is the units digit of 948/28 - p/42*-2?
4
Suppose 4*k + 4046 = -5*r + 14394, 10372 = 5*r - 4*k. What is the thousands digit of r?
2
Let r(n) = -192*n - 2. What is the hundreds digit of r(-2)?
3
Suppose 2*z - 152 = -4*i, 2*z + 2*i = -3*i + 150. Suppose u - z = -5*q, -4*u - q = -167 - 134. What is the units digit of u?
5
Let n be -68 - -17 - (-3)/(-1). Let a be (-4770)/n - 2/(-3). Suppose -2*j = -a - 5. What is the tens digit of j?
4
Let g(n) = -3*n**2 - 7*n + 952. What is the tens digit of g(0)?
5
Let s be -7 + (3 - (-24)/(-4)). Let a = 55 + s. Let m = a + -26. What is the tens digit of m?
1
Let o = -139 + 149. What is the units digit of o?
0
Let s(h) = h**2 + 23*h - 21. What is the tens digit of s(-41)?
1
Suppose -4963 - 3540 = -4*o + 3*s, 4*o = -2*s + 8478. What is the thousands digit of o?
2
Suppose -17*a = -3223 - 2421. What is the tens digit of a?
3
Let r = -9 + 4. Let a(s) = 3*s**2 + 12*s - 10. Let k(h) = -4*h**2 - 13*h + 11. Let x(b) = r*a(b) - 4*k(b). What is the tens digit of x(11)?
3
Let z = 12 - 14. Let g be 0/((-6)/z - 4). Suppose -3*s - 12 = 0, g = -d - 2*d + s + 94. What is the tens digit of d?
3
Let o = -5052 - -7398. What is the thousands digit of o?
2
Let f = 4 - 3. Let b be (-3 + f)*36/(-8). Let l(m) = m**2 - 3*m - 15. What is the units digit of l(b)?
9
Suppose 0 = u + 1 - 4. Suppose -4*f = -f - 4*b - 7, 4*f + u*b = 26. Let r = 29 - f. What is the units digit of r?
4
Let p(u) = -u**2 + u - 15. Let s be p(-17). Let q = s - -513. What is the units digit of q?
2
Let i = 3037 + -1522. What is the tens digit of i?
1
Let g be ((-57)/12 + 5)*0. What is the tens digit of g + (-4)/26 - 41010/(-390)?
0
Let l(r) = -663*r - 63. What is the units digit of l(-2)?
3
Suppose 2*r + 11 = -g, 0 = 3*r + g - 2 + 20. Let q = -9 - r. What is the units digit of -1*(-3 - (q + 40))?
1
Let m = 15 - 15. Suppose m*i = 4*i - 116. Suppose -5*n + i = -41. What is the units digit of n?
4
Suppose 16*g - 2721 = 13*g. What is the hundreds digit of g?
9
Let y(x) = -3*x**3 - 2*x**2 - 2*x - 8. Let g be y(-4). Suppose -g = -9*s + 4*s. What is the units digit of s?
2
Let n(j) = -2*j + 14. Let y be n(7). Suppose -a + 16*a - 3435 = y. What is the tens digit of a?
2
Let y be 55*-1*(1 - 23/5). Let q = y + -138. What is the tens digit of q?
6
Let i(f) = 11*f**2 - 15*f + 17. What is the units digit of i(7)?
1
Let t be 136/64 + 8/(-64). Let r(w) = w**3 - 3*w**2 + 4*w - 2. Let p be r(2). What is the units digit of p - (-2 + t + -35)?
7
Suppose 5*w + 3*n = 5705, -18*w + 13*w = 4*n - 5700. What is the hundreds digit of w?
1
Let w(s) = 6*s + 3. Let t be ((-2)/(-2))/(1/31). Let b = -27 + t. What is the units digit of w(b)?
7
Let l be (-2 + 0 - 2) + -20. Let a = l - -34. What is the tens digit of a?
1
Suppose -3*q - 6 = 2*s + 5, 0 = 3*q + 5*s + 5. What is the units digit of (q + (27 - 4))*19/2?
1
What is 